{"id":76,"date":"2012-11-13T12:26:45","date_gmt":"2012-11-13T11:26:45","guid":{"rendered":"http:\/\/kreapaedie.de\/wordpress\/?page_id=76"},"modified":"2014-05-05T04:59:39","modified_gmt":"2014-05-05T03:59:39","slug":"links","status":"publish","type":"page","link":"http:\/\/kreapaedie.de\/wordpress\/links\/","title":{"rendered":"Links"},"content":{"rendered":"<ul>\n<li><span style=\"font-size: 12px;\"><a href=\"http:\/\/www.brhalewitsch.de\">http:\/\/www.brhalewitsch.de<\/a><\/span><\/li>\n<li><span style=\"font-size: 12px;\"><a href=\"http:\/\/www.gemeinschaftskrankenhaus.de\">http:\/\/www.gemeinschaftskrankenhaus.de<\/a><\/span><\/li>\n<li><span style=\"font-size: 12px;\"><a href=\"http:\/\/www.wipt.de\">http:\/\/www.wipt.de<\/a><\/span><\/li>\n<li><span style=\"font-size: 12px;\"><a href=\"http:\/\/www.lichthaus-musik.de\">http:\/\/www.lichthaus-musik.de <\/a><\/span><\/li>\n<\/ul>\n<!-- AddThis Advanced Settings generic via filter on the_content -->","protected":false},"excerpt":{"rendered":"<p>http:\/\/www.brhalewitsch.de http:\/\/www.gemeinschaftskrankenhaus.de http:\/\/www.wipt.de http:\/\/www.lichthaus-musik.de &hellip; <a class=\"more-link\" href=\"http:\/\/kreapaedie.de\/wordpress\/links\/\">Weiterlesen <span class=\"meta-nav\">&rarr;<\/span><\/a><!-- AddThis Advanced Settings generic via filter on get_the_excerpt --><\/p>\n","protected":false},"author":1,"featured_media":0,"parent":0,"menu_order":0,"comment_status":"closed","ping_status":"open","template":"","meta":{"footnotes":""},"class_list":["post-76","page","type-page","status-publish","hentry","keywords-brigitte-halewitsch","keywords-christian-bollmann","keywords-gemeinschaftskrankenhaus-herdecke","keywords-lichthaus-musik","keywords-obertongesang","keywords-psychotraumatologie","keywords-seminare","keywords-supervision","keywords-trauma-therapie"],"yoast_head":"<!-- This site is optimized with the Yoast SEO plugin v18.8 - https:\/\/yoast.com\/wordpress\/plugins\/seo\/ -->\n<title>Links - Kreap\u00e4die Akademie<\/title>\n<meta name=\"description\" content=\"Hier finden Sie Links zu einigen themen\u00e4hnlichen Webseiten die wir Ihnen empfehlen. F\u00fcr die Inhalte der verlinkten Webseiten \u00fcbernehmen wir keine Haftung.\" \/>\n<meta name=\"robots\" content=\"index, follow, max-snippet:-1, max-image-preview:large, max-video-preview:-1\" \/>\n<link rel=\"canonical\" href=\"http:\/\/kreapaedie.de\/wordpress\/links\/\" \/>\n<meta property=\"og:locale\" content=\"de_DE\" \/>\n<meta property=\"og:type\" content=\"article\" \/>\n<meta property=\"og:title\" content=\"Links - Kreap\u00e4die Akademie\" \/>\n<meta property=\"og:description\" content=\"Hier finden Sie Links zu einigen themen\u00e4hnlichen Webseiten die wir Ihnen empfehlen. F\u00fcr die Inhalte der verlinkten Webseiten \u00fcbernehmen wir keine Haftung.\" \/>\n<meta property=\"og:url\" content=\"http:\/\/kreapaedie.de\/wordpress\/links\/\" \/>\n<meta property=\"og:site_name\" content=\"Kreap\u00e4die Akademie\" \/>\n<meta property=\"article:modified_time\" content=\"2014-05-05T03:59:39+00:00\" \/>\n<script type=\"application\/ld+json\" class=\"yoast-schema-graph\">{\"@context\":\"https:\/\/schema.org\",\"@graph\":[{\"@type\":\"WebSite\",\"@id\":\"http:\/\/kreapaedie.de\/wordpress\/#website\",\"url\":\"http:\/\/kreapaedie.de\/wordpress\/\",\"name\":\"Kreap\u00e4die Akademie\",\"description\":\"Burnout Pr\u00e4vention &amp; Prophylaxe durch psychohygienische Pr\u00e4vention in K\u00f6ln\",\"potentialAction\":[{\"@type\":\"SearchAction\",\"target\":{\"@type\":\"EntryPoint\",\"urlTemplate\":\"http:\/\/kreapaedie.de\/wordpress\/?s={search_term_string}\"},\"query-input\":\"required name=search_term_string\"}],\"inLanguage\":\"de\"},{\"@type\":\"WebPage\",\"@id\":\"http:\/\/kreapaedie.de\/wordpress\/links\/#webpage\",\"url\":\"http:\/\/kreapaedie.de\/wordpress\/links\/\",\"name\":\"Links - Kreap\u00e4die Akademie\",\"isPartOf\":{\"@id\":\"http:\/\/kreapaedie.de\/wordpress\/#website\"},\"datePublished\":\"2012-11-13T11:26:45+00:00\",\"dateModified\":\"2014-05-05T03:59:39+00:00\",\"description\":\"Hier finden Sie Links zu einigen themen\u00e4hnlichen Webseiten die wir Ihnen empfehlen. F\u00fcr die Inhalte der verlinkten Webseiten \u00fcbernehmen wir keine Haftung.\",\"breadcrumb\":{\"@id\":\"http:\/\/kreapaedie.de\/wordpress\/links\/#breadcrumb\"},\"inLanguage\":\"de\",\"potentialAction\":[{\"@type\":\"ReadAction\",\"target\":[\"http:\/\/kreapaedie.de\/wordpress\/links\/\"]}]},{\"@type\":\"BreadcrumbList\",\"@id\":\"http:\/\/kreapaedie.de\/wordpress\/links\/#breadcrumb\",\"itemListElement\":[{\"@type\":\"ListItem\",\"position\":1,\"name\":\"Home\",\"item\":\"http:\/\/kreapaedie.de\/wordpress\/\"},{\"@type\":\"ListItem\",\"position\":2,\"name\":\"Links\"}]}]}<\/script>\n<!-- \/ Yoast SEO plugin. -->","yoast_head_json":{"title":"Links - Kreap\u00e4die Akademie","description":"Hier finden Sie Links zu einigen themen\u00e4hnlichen Webseiten die wir Ihnen empfehlen. F\u00fcr die Inhalte der verlinkten Webseiten \u00fcbernehmen wir keine Haftung.","robots":{"index":"index","follow":"follow","max-snippet":"max-snippet:-1","max-image-preview":"max-image-preview:large","max-video-preview":"max-video-preview:-1"},"canonical":"http:\/\/kreapaedie.de\/wordpress\/links\/","og_locale":"de_DE","og_type":"article","og_title":"Links - Kreap\u00e4die Akademie","og_description":"Hier finden Sie Links zu einigen themen\u00e4hnlichen Webseiten die wir Ihnen empfehlen. F\u00fcr die Inhalte der verlinkten Webseiten \u00fcbernehmen wir keine Haftung.","og_url":"http:\/\/kreapaedie.de\/wordpress\/links\/","og_site_name":"Kreap\u00e4die Akademie","article_modified_time":"2014-05-05T03:59:39+00:00","schema":{"@context":"https:\/\/schema.org","@graph":[{"@type":"WebSite","@id":"http:\/\/kreapaedie.de\/wordpress\/#website","url":"http:\/\/kreapaedie.de\/wordpress\/","name":"Kreap\u00e4die Akademie","description":"Burnout Pr\u00e4vention &amp; Prophylaxe durch psychohygienische Pr\u00e4vention in K\u00f6ln","potentialAction":[{"@type":"SearchAction","target":{"@type":"EntryPoint","urlTemplate":"http:\/\/kreapaedie.de\/wordpress\/?s={search_term_string}"},"query-input":"required name=search_term_string"}],"inLanguage":"de"},{"@type":"WebPage","@id":"http:\/\/kreapaedie.de\/wordpress\/links\/#webpage","url":"http:\/\/kreapaedie.de\/wordpress\/links\/","name":"Links - Kreap\u00e4die Akademie","isPartOf":{"@id":"http:\/\/kreapaedie.de\/wordpress\/#website"},"datePublished":"2012-11-13T11:26:45+00:00","dateModified":"2014-05-05T03:59:39+00:00","description":"Hier finden Sie Links zu einigen themen\u00e4hnlichen Webseiten die wir Ihnen empfehlen. F\u00fcr die Inhalte der verlinkten Webseiten \u00fcbernehmen wir keine Haftung.","breadcrumb":{"@id":"http:\/\/kreapaedie.de\/wordpress\/links\/#breadcrumb"},"inLanguage":"de","potentialAction":[{"@type":"ReadAction","target":["http:\/\/kreapaedie.de\/wordpress\/links\/"]}]},{"@type":"BreadcrumbList","@id":"http:\/\/kreapaedie.de\/wordpress\/links\/#breadcrumb","itemListElement":[{"@type":"ListItem","position":1,"name":"Home","item":"http:\/\/kreapaedie.de\/wordpress\/"},{"@type":"ListItem","position":2,"name":"Links"}]}]}},"_links":{"self":[{"href":"http:\/\/kreapaedie.de\/wordpress\/wp-json\/wp\/v2\/pages\/76","targetHints":{"allow":["GET"]}}],"collection":[{"href":"http:\/\/kreapaedie.de\/wordpress\/wp-json\/wp\/v2\/pages"}],"about":[{"href":"http:\/\/kreapaedie.de\/wordpress\/wp-json\/wp\/v2\/types\/page"}],"author":[{"embeddable":true,"href":"http:\/\/kreapaedie.de\/wordpress\/wp-json\/wp\/v2\/users\/1"}],"replies":[{"embeddable":true,"href":"http:\/\/kreapaedie.de\/wordpress\/wp-json\/wp\/v2\/comments?post=76"}],"version-history":[{"count":4,"href":"http:\/\/kreapaedie.de\/wordpress\/wp-json\/wp\/v2\/pages\/76\/revisions"}],"predecessor-version":[{"id":198,"href":"http:\/\/kreapaedie.de\/wordpress\/wp-json\/wp\/v2\/pages\/76\/revisions\/198"}],"wp:attachment":[{"href":"http:\/\/kreapaedie.de\/wordpress\/wp-json\/wp\/v2\/media?parent=76"}],"curies":[{"name":"wp","href":"https:\/\/api.w.org\/{rel}","templated":true}]}}