{"id":27,"date":"2012-11-13T11:26:15","date_gmt":"2012-11-13T10:26:15","guid":{"rendered":"http:\/\/kreapaedie.de\/wordpress\/?page_id=27"},"modified":"2016-03-02T13:49:44","modified_gmt":"2016-03-02T12:49:44","slug":"lebenssymphonie","status":"publish","type":"page","link":"http:\/\/kreapaedie.de\/wordpress\/lebenssymphonie\/","title":{"rendered":"Lebenssymphonie"},"content":{"rendered":"<p style=\"text-align: center;\">\u00a0<em><span style=\"color: #795ca5; font-size: 11px;\">Der Mensch ist nur da ganz Mensch, wo er spielt.<\/span><\/em><br \/>\n<em> <span style=\"color: #795ca5; font-size: 11px;\"> <strong>Friedrich von Schiller\u00a0 \u00a0<\/strong><\/span><\/em><span style=\"font-size: 12px;\"> \u00a0\u00a0\u00a0\u00a0\u00a0\u00a0\u00a0\u00a0\u00a0\u00a0\u00a0\u00a0\u00a0\u00a0\u00a0\u00a0\u00a0\u00a0\u00a0\u00a0\u00a0\u00a0\u00a0\u00a0\u00a0\u00a0\u00a0\u00a0\u00a0\u00a0\u00a0\u00a0\u00a0\u00a0\u00a0\u00a0\u00a0\u00a0\u00a0\u00a0\u00a0\u00a0\u00a0\u00a0\u00a0\u00a0\u00a0\u00a0\u00a0\u00a0\u00a0\u00a0\u00a0\u00a0\u00a0\u00a0\u00a0\u00a0\u00a0\u00a0\u00a0\u00a0\u00a0\u00a0\u00a0\u00a0\u00a0\u00a0\u00a0\u00a0\u00a0\u00a0\u00a0\u00a0\u00a0\u00a0\u00a0\u00a0\u00a0\u00a0\u00a0\u00a0\u00a0\u00a0\u00a0\u00a0\u00a0\u00a0\u00a0\u00a0\u00a0\u00a0\u00a0\u00a0\u00a0\u00a0\u00a0\u00a0\u00a0\u00a0\u00a0\u00a0\u00a0\u00a0\u00a0\u00a0\u00a0\u00a0\u00a0\u00a0\u00a0\u00a0\u00a0\u00a0\u00a0\u00a0\u00a0\u00a0\u00a0\u00a0\u00a0\u00a0\u00a0\u00a0\u00a0\u00a0\u00a0\u00a0\u00a0\u00a0\u00a0\u00a0\u00a0\u00a0\u00a0\u00a0\u00a0\u00a0\u00a0\u00a0\u00a0\u00a0\u00a0\u00a0\u00a0\u00a0\u00a0\u00a0\u00a0\u00a0\u00a0\u00a0\u00a0\u00a0\u00a0\u00a0\u00a0\u00a0\u00a0\u00a0\u00a0\u00a0\u00a0\u00a0\u00a0\u00a0\u00a0\u00a0\u00a0\u00a0\u00a0\u00a0\u00a0\u00a0\u00a0\u00a0\u00a0\u00a0\u00a0\u00a0\u00a0\u00a0\u00a0\u00a0\u00a0\u00a0\u00a0\u00a0\u00a0\u00a0\u00a0\u00a0\u00a0\u00a0\u00a0\u00a0\u00a0\u00a0\u00a0\u00a0\u00a0\u00a0\u00a0\u00a0\u00a0\u00a0\u00a0\u00a0\u00a0\u00a0\u00a0\u00a0\u00a0\u00a0\u00a0\u00a0\u00a0\u00a0\u00a0\u00a0\u00a0\u00a0\u00a0\u00a0\u00a0\u00a0\u00a0\u00a0\u00a0\u00a0\u00a0\u00a0\u00a0\u00a0\u00a0\u00a0\u00a0\u00a0\u00a0\u00a0\u00a0\u00a0\u00a0\u00a0\u00a0\u00a0\u00a0\u00a0\u00a0\u00a0\u00a0\u00a0\u00a0\u00a0\u00a0\u00a0\u00a0\u00a0\u00a0\u00a0\u00a0\u00a0\u00a0\u00a0\u00a0\u00a0\u00a0\u00a0\u00a0\u00a0\u00a0\u00a0\u00a0\u00a0\u00a0\u00a0\u00a0\u00a0\u00a0\u00a0\u00a0\u00a0\u00a0\u00a0\u00a0\u00a0\u00a0\u00a0\u00a0\u00a0\u00a0\u00a0\u00a0\u00a0\u00a0\u00a0\u00a0\u00a0\u00a0\u00a0\u00a0\u00a0\u00a0\u00a0\u00a0\u00a0\u00a0\u00a0\u00a0\u00a0\u00a0\u00a0\u00a0\u00a0\u00a0\u00a0\u00a0\u00a0\u00a0\u00a0\u00a0\u00a0\u00a0\u00a0\u00a0\u00a0\u00a0\u00a0\u00a0\u00a0\u00a0\u00a0\u00a0\u00a0\u00a0\u00a0\u00a0\u00a0\u00a0\u00a0\u00a0\u00a0\u00a0\u00a0\u00a0\u00a0\u00a0\u00a0\u00a0\u00a0\u00a0\u00a0\u00a0\u00a0\u00a0\u00a0\u00a0\u00a0\u00a0\u00a0\u00a0\u00a0\u00a0\u00a0\u00a0\u00a0\u00a0\u00a0\u00a0\u00a0\u00a0\u00a0\u00a0\u00a0\u00a0\u00a0\u00a0\u00a0\u00a0\u00a0\u00a0\u00a0\u00a0\u00a0\u00a0\u00a0\u00a0\u00a0\u00a0\u00a0\u00a0\u00a0\u00a0\u00a0\u00a0\u00a0\u00a0\u00a0\u00a0\u00a0\u00a0\u00a0\u00a0\u00a0\u00a0\u00a0\u00a0\u00a0\u00a0\u00a0\u00a0\u00a0\u00a0\u00a0\u00a0\u00a0\u00a0\u00a0\u00a0\u00a0\u00a0\u00a0\u00a0\u00a0\u00a0\u00a0\u00a0\u00a0\u00a0\u00a0\u00a0\u00a0\u00a0\u00a0\u00a0\u00a0\u00a0\u00a0\u00a0\u00a0\u00a0\u00a0\u00a0\u00a0\u00a0\u00a0\u00a0\u00a0\u00a0\u00a0\u00a0\u00a0\u00a0\u00a0\u00a0\u00a0\u00a0\u00a0\u00a0\u00a0\u00a0\u00a0\u00a0\u00a0\u00a0\u00a0\u00a0\u00a0\u00a0\u00a0\u00a0\u00a0\u00a0\u00a0\u00a0\u00a0\u00a0\u00a0\u00a0\u00a0\u00a0\u00a0\u00a0\u00a0\u00a0\u00a0\u00a0\u00a0\u00a0\u00a0\u00a0\u00a0\u00a0\u00a0\u00a0\u00a0\u00a0\u00a0\u00a0\u00a0\u00a0\u00a0\u00a0\u00a0\u00a0\u00a0\u00a0\u00a0\u00a0\u00a0\u00a0\u00a0\u00a0\u00a0\u00a0\u00a0\u00a0\u00a0\u00a0\u00a0\u00a0\u00a0\u00a0\u00a0\u00a0\u00a0\u00a0\u00a0\u00a0\u00a0\u00a0\u00a0 <\/span><\/p>\n<p><span style=\"font-size: 12px;\">Dass die wachsenden Heraus<\/span><a href=\"http:\/\/kreapaedie.de\/wordpress\/wp-content\/uploads\/2012\/11\/flusslauf.jpg\"><img loading=\"lazy\" decoding=\"async\" class=\"alignleft wp-image-28\" title=\"Flusslauf\" src=\"http:\/\/kreapaedie.de\/wordpress\/wp-content\/uploads\/2012\/11\/flusslauf-300x196.jpg\" alt=\"Flusslauf\" width=\"380\" height=\"249\" srcset=\"http:\/\/kreapaedie.de\/wordpress\/wp-content\/uploads\/2012\/11\/flusslauf-300x196.jpg 300w, http:\/\/kreapaedie.de\/wordpress\/wp-content\/uploads\/2012\/11\/flusslauf.jpg 400w\" sizes=\"auto, (max-width: 380px) 100vw, 380px\" \/><\/a><span style=\"font-size: 12px;\">forder<\/span><span style=\"font-size: 12px;\">ungen der\u00a0modernen Stressgesellschaft Menschen krank machen <\/span><span style=\"font-size: 12px;\">k\u00f6nnen, ist bekannt. In einem Akt<\/span> <span style=\"font-size: 12px;\">inneren <\/span><span style=\"font-size: 12px;\">Aufr\u00e4umens l\u00e4sst sich durch Inspiration ein kreatives Selbstbild erneuern. Dieses bietet wie ein\u00a0Fr\u00fchwarnsystem Schutz vor seelischem Verschlei\u00df i.S. von <a href=\"http:\/\/kreapaedie.de\/wordpress\/burnout-praevention\/\"><strong>Burnout-Pr\u00e4vention<\/strong><\/a> , da kreative Funktionen oft erste erlebbare Einschr\u00e4nkungen aufweisen.\u00a0<\/span><span style=\"font-size: 12px;\">Intensive ganzheitliche Besch\u00e4ftigung mit der eigenen Lebensgeschichte im Rahmen einer Kleingruppe unter dem Aspekt\u00a0unentdeckter Ressourcen kann zu einer tief bewegenden Selbsterfahrung werden, in der Zukunftsvisionen aufleuchten. Die Resonanz der Gruppe l\u00e4sst sich wiederholende Muster sowohl im eigenen Lebenslauf als auch in der Familie hervortreten, vertieft\u00a0Selbst-und Lebensverst\u00e4ndnis und st\u00e4rkt die Wahrnehmung von\u00a0Wurzeln.\u00a0<\/span><br \/>\n<span style=\"font-size: 12px;\">Unter Einbeziehung kreativer Medien (Kl\u00e4nge, Rhythmus, Farben, Bewegung) wird\u00a0das eigene Leben von der Gruppe in einer spielerisch-ernsten Aufstellung zum&#8220;Gesamtkunstwerk&#8220; gestaltet, in dem stellvertretende Wahrnehmung \u00fcber\u00a0Gruppenresonanz wirksam wird. Zun\u00e4chst stellt jeder sein\u00a0Leben mit Hilfe von Farbstiften malerisch-grafisch dar. Dann erhalten alle die Gelegenheit, ihr\u00a0Lebensbild vor der Gruppe mit eigenen Worten\u00a0zu erl\u00e4utern. Zuletzt\u00a0wird die Gruppe diese ganzheitliche \u201eErz\u00e4hlung\u201c in eine spontane musikalische<a title=\"Musikalische Improvisation\" href=\"http:\/\/kreapaedie.de\/wordpress\/musikalische-improvisation\/\"><strong> Improvisation<\/strong><\/a> umsetzen. <\/span><\/p>\n<p><span style=\"font-size: 12px;\">Zuh\u00f6rerIn ihrer eigenen, einmaligen\u00a0<em>Lebenssymphonie <\/em>ist der\/die HauptdarstellerIn in einem <em>unerh\u00f6rt<\/em> unbekannten und gleichzeitig seltsam vertrauten musikalischen Drama.\u00a0<\/span><span style=\"font-size: 12px;\">Die tief bewegende Erfahrung\u00a0l\u00e4sst sich vergleichen mit einer langen Flussfahrt von der\u00a0Quelle bis zur M\u00fcndung. An den\u00a0Ufern erstrecken sich nacheinander verschiedene Landschaften. M\u00fcndungen von Nebenfl\u00fcssen sind zu entdecken. Str\u00f6mung und Wetter gestalten sich mehr oder weniger g\u00fcnstig. Unterwegs gibt es Hindernisse, gef\u00e4hrliche Engp\u00e4sse oder Begegnungen. Das Fahrzeug kann renovierungsbed\u00fcrftig oder ausgewechselt werden. Mit welcher Mannschaft waren \/ sind wir unterwegs? Ahnen wir, wohin wir fahren? Lieben, sch\u00fctzen und achten wir unseren Fluss als das, was\u00a0uns pr\u00e4gt und tr\u00e4gt?\u00a0<\/span><\/p>\n<p><span style=\"font-size: 12px;\">\u00dcbrigens kann jeder seine Lebenssymphonie auf CD mitnehmen -sofern\u00a0die Technik funktioniert<\/span><\/p>\n<!-- AddThis Advanced Settings generic via filter on the_content -->","protected":false},"excerpt":{"rendered":"<p>\u00a0Der Mensch ist nur da ganz Mensch, wo er spielt. Friedrich von Schiller\u00a0 \u00a0 \u00a0\u00a0\u00a0\u00a0\u00a0\u00a0\u00a0\u00a0\u00a0\u00a0\u00a0\u00a0\u00a0\u00a0\u00a0\u00a0\u00a0\u00a0\u00a0\u00a0\u00a0\u00a0\u00a0\u00a0\u00a0\u00a0\u00a0\u00a0\u00a0\u00a0\u00a0\u00a0\u00a0\u00a0\u00a0\u00a0\u00a0\u00a0\u00a0\u00a0\u00a0\u00a0\u00a0\u00a0\u00a0\u00a0\u00a0\u00a0\u00a0\u00a0\u00a0\u00a0\u00a0\u00a0\u00a0\u00a0\u00a0\u00a0\u00a0\u00a0\u00a0\u00a0\u00a0\u00a0\u00a0\u00a0\u00a0\u00a0\u00a0\u00a0\u00a0\u00a0\u00a0\u00a0\u00a0\u00a0\u00a0\u00a0\u00a0\u00a0\u00a0\u00a0\u00a0\u00a0\u00a0\u00a0\u00a0\u00a0\u00a0\u00a0\u00a0\u00a0\u00a0\u00a0\u00a0\u00a0\u00a0\u00a0\u00a0\u00a0\u00a0\u00a0\u00a0\u00a0\u00a0\u00a0\u00a0\u00a0\u00a0\u00a0\u00a0\u00a0\u00a0\u00a0\u00a0\u00a0\u00a0\u00a0\u00a0\u00a0\u00a0\u00a0\u00a0\u00a0\u00a0\u00a0\u00a0\u00a0\u00a0\u00a0\u00a0\u00a0\u00a0\u00a0\u00a0\u00a0\u00a0\u00a0\u00a0\u00a0\u00a0\u00a0\u00a0\u00a0\u00a0\u00a0\u00a0\u00a0\u00a0\u00a0\u00a0\u00a0\u00a0\u00a0\u00a0\u00a0\u00a0\u00a0\u00a0\u00a0\u00a0\u00a0\u00a0\u00a0\u00a0\u00a0\u00a0\u00a0\u00a0\u00a0\u00a0\u00a0\u00a0\u00a0\u00a0\u00a0\u00a0\u00a0\u00a0\u00a0\u00a0\u00a0\u00a0\u00a0\u00a0\u00a0\u00a0\u00a0\u00a0\u00a0\u00a0\u00a0\u00a0\u00a0\u00a0\u00a0\u00a0\u00a0\u00a0\u00a0\u00a0\u00a0\u00a0\u00a0\u00a0\u00a0\u00a0\u00a0\u00a0\u00a0\u00a0\u00a0\u00a0\u00a0\u00a0\u00a0\u00a0\u00a0\u00a0\u00a0\u00a0\u00a0\u00a0\u00a0\u00a0\u00a0\u00a0\u00a0\u00a0\u00a0\u00a0\u00a0\u00a0\u00a0\u00a0\u00a0\u00a0\u00a0\u00a0\u00a0\u00a0\u00a0\u00a0\u00a0\u00a0\u00a0\u00a0\u00a0\u00a0\u00a0\u00a0\u00a0\u00a0\u00a0\u00a0\u00a0\u00a0\u00a0\u00a0\u00a0\u00a0\u00a0\u00a0\u00a0\u00a0\u00a0\u00a0\u00a0\u00a0\u00a0\u00a0\u00a0\u00a0\u00a0\u00a0\u00a0\u00a0\u00a0\u00a0\u00a0\u00a0\u00a0\u00a0\u00a0\u00a0\u00a0\u00a0\u00a0\u00a0\u00a0\u00a0\u00a0\u00a0\u00a0\u00a0\u00a0\u00a0\u00a0\u00a0\u00a0\u00a0\u00a0\u00a0\u00a0\u00a0\u00a0\u00a0\u00a0\u00a0\u00a0\u00a0\u00a0\u00a0\u00a0\u00a0\u00a0\u00a0\u00a0\u00a0\u00a0\u00a0\u00a0\u00a0\u00a0\u00a0\u00a0\u00a0\u00a0\u00a0\u00a0\u00a0\u00a0\u00a0\u00a0\u00a0\u00a0\u00a0\u00a0\u00a0\u00a0\u00a0\u00a0\u00a0\u00a0\u00a0\u00a0\u00a0\u00a0\u00a0\u00a0\u00a0\u00a0\u00a0\u00a0\u00a0\u00a0\u00a0\u00a0\u00a0\u00a0\u00a0\u00a0\u00a0\u00a0\u00a0\u00a0\u00a0\u00a0\u00a0\u00a0\u00a0\u00a0\u00a0\u00a0\u00a0\u00a0\u00a0\u00a0\u00a0\u00a0\u00a0\u00a0\u00a0\u00a0\u00a0\u00a0\u00a0\u00a0\u00a0\u00a0\u00a0\u00a0\u00a0\u00a0\u00a0\u00a0\u00a0\u00a0\u00a0\u00a0\u00a0\u00a0\u00a0\u00a0\u00a0\u00a0\u00a0\u00a0\u00a0\u00a0\u00a0\u00a0\u00a0\u00a0\u00a0\u00a0\u00a0\u00a0\u00a0\u00a0\u00a0\u00a0\u00a0\u00a0\u00a0\u00a0\u00a0\u00a0\u00a0\u00a0\u00a0\u00a0\u00a0\u00a0\u00a0\u00a0\u00a0\u00a0\u00a0\u00a0\u00a0\u00a0\u00a0\u00a0\u00a0\u00a0\u00a0\u00a0\u00a0\u00a0\u00a0\u00a0\u00a0\u00a0\u00a0\u00a0\u00a0\u00a0\u00a0\u00a0\u00a0\u00a0\u00a0\u00a0\u00a0\u00a0\u00a0\u00a0\u00a0\u00a0\u00a0\u00a0\u00a0\u00a0\u00a0\u00a0\u00a0\u00a0\u00a0\u00a0\u00a0\u00a0\u00a0\u00a0\u00a0\u00a0\u00a0\u00a0\u00a0\u00a0\u00a0\u00a0\u00a0\u00a0\u00a0\u00a0\u00a0\u00a0\u00a0\u00a0\u00a0\u00a0\u00a0\u00a0\u00a0\u00a0\u00a0\u00a0\u00a0\u00a0\u00a0\u00a0\u00a0\u00a0\u00a0\u00a0\u00a0\u00a0\u00a0\u00a0\u00a0\u00a0\u00a0\u00a0\u00a0\u00a0\u00a0\u00a0\u00a0\u00a0\u00a0\u00a0 Dass die wachsenden Herausforderungen der\u00a0modernen Stressgesellschaft Menschen krank machen k\u00f6nnen, ist bekannt. In einem Akt inneren Aufr\u00e4umens l\u00e4sst sich durch Inspiration ein kreatives Selbstbild erneuern. &hellip; <a class=\"more-link\" href=\"http:\/\/kreapaedie.de\/wordpress\/lebenssymphonie\/\">Weiterlesen <span class=\"meta-nav\">&rarr;<\/span><\/a><!-- AddThis Advanced Settings generic via filter on get_the_excerpt --><\/p>\n","protected":false},"author":1,"featured_media":0,"parent":0,"menu_order":0,"comment_status":"closed","ping_status":"open","template":"","meta":{"footnotes":""},"class_list":["post-27","page","type-page","status-publish","hentry","keywords-ausgebrannt-fuehlen","keywords-burnout","keywords-burnout-praevention","keywords-kreatives-selbstbild","keywords-lebensbild","keywords-musikalische-improvisation","keywords-psychologisches-fruehwarnsystem","keywords-selbsterfahrung","keywords-selbstverstaendnis","keywords-zukunftsvisionen"],"yoast_head":"<!-- This site is optimized with the Yoast SEO plugin v18.8 - https:\/\/yoast.com\/wordpress\/plugins\/seo\/ -->\n<title>Lebenssymphonie - Burnout Pr\u00e4vention \/ psychologisches Fr\u00fchwarnsystem<\/title>\n<meta name=\"description\" content=\"Durch inneres Aufr\u00e4umen l\u00e4\u00dft sich das kreative Selbstbild erneuern, das als Fr\u00fchwarnsystem einen optimalen Schutz vor seelischem Verschlei\u00df bietet.\" \/>\n<meta name=\"robots\" content=\"index, follow, max-snippet:-1, max-image-preview:large, max-video-preview:-1\" \/>\n<link rel=\"canonical\" href=\"http:\/\/kreapaedie.de\/wordpress\/lebenssymphonie\/\" \/>\n<meta property=\"og:locale\" content=\"de_DE\" \/>\n<meta property=\"og:type\" content=\"article\" \/>\n<meta property=\"og:title\" content=\"Lebenssymphonie - Burnout Pr\u00e4vention \/ psychologisches Fr\u00fchwarnsystem\" \/>\n<meta property=\"og:description\" content=\"Durch inneres Aufr\u00e4umen l\u00e4\u00dft sich das kreative Selbstbild erneuern, das als Fr\u00fchwarnsystem einen optimalen Schutz vor seelischem Verschlei\u00df bietet.\" \/>\n<meta property=\"og:url\" content=\"http:\/\/kreapaedie.de\/wordpress\/lebenssymphonie\/\" \/>\n<meta property=\"og:site_name\" content=\"Kreap\u00e4die Akademie\" \/>\n<meta property=\"article:modified_time\" content=\"2016-03-02T12:49:44+00:00\" \/>\n<meta property=\"og:image\" content=\"http:\/\/kreapaedie.de\/wordpress\/wp-content\/uploads\/2012\/11\/flusslauf-300x196.jpg\" \/>\n<meta name=\"twitter:label1\" content=\"Gesch\u00e4tzte Lesezeit\" \/>\n\t<meta name=\"twitter:data1\" content=\"2\u00a0Minuten\" \/>\n<script type=\"application\/ld+json\" class=\"yoast-schema-graph\">{\"@context\":\"https:\/\/schema.org\",\"@graph\":[{\"@type\":\"WebSite\",\"@id\":\"http:\/\/kreapaedie.de\/wordpress\/#website\",\"url\":\"http:\/\/kreapaedie.de\/wordpress\/\",\"name\":\"Kreap\u00e4die Akademie\",\"description\":\"Burnout Pr\u00e4vention &amp; Prophylaxe durch psychohygienische Pr\u00e4vention in K\u00f6ln\",\"potentialAction\":[{\"@type\":\"SearchAction\",\"target\":{\"@type\":\"EntryPoint\",\"urlTemplate\":\"http:\/\/kreapaedie.de\/wordpress\/?s={search_term_string}\"},\"query-input\":\"required name=search_term_string\"}],\"inLanguage\":\"de\"},{\"@type\":\"ImageObject\",\"inLanguage\":\"de\",\"@id\":\"http:\/\/kreapaedie.de\/wordpress\/lebenssymphonie\/#primaryimage\",\"url\":\"http:\/\/kreapaedie.de\/wordpress\/wp-content\/uploads\/2012\/11\/flusslauf.jpg\",\"contentUrl\":\"http:\/\/kreapaedie.de\/wordpress\/wp-content\/uploads\/2012\/11\/flusslauf.jpg\",\"width\":\"400\",\"height\":\"262\",\"caption\":\"Flusslauf\"},{\"@type\":\"WebPage\",\"@id\":\"http:\/\/kreapaedie.de\/wordpress\/lebenssymphonie\/#webpage\",\"url\":\"http:\/\/kreapaedie.de\/wordpress\/lebenssymphonie\/\",\"name\":\"Lebenssymphonie - Burnout Pr\u00e4vention \/ psychologisches Fr\u00fchwarnsystem\",\"isPartOf\":{\"@id\":\"http:\/\/kreapaedie.de\/wordpress\/#website\"},\"primaryImageOfPage\":{\"@id\":\"http:\/\/kreapaedie.de\/wordpress\/lebenssymphonie\/#primaryimage\"},\"datePublished\":\"2012-11-13T10:26:15+00:00\",\"dateModified\":\"2016-03-02T12:49:44+00:00\",\"description\":\"Durch inneres Aufr\u00e4umen l\u00e4\u00dft sich das kreative Selbstbild erneuern, das als Fr\u00fchwarnsystem einen optimalen Schutz vor seelischem Verschlei\u00df bietet.\",\"breadcrumb\":{\"@id\":\"http:\/\/kreapaedie.de\/wordpress\/lebenssymphonie\/#breadcrumb\"},\"inLanguage\":\"de\",\"potentialAction\":[{\"@type\":\"ReadAction\",\"target\":[\"http:\/\/kreapaedie.de\/wordpress\/lebenssymphonie\/\"]}]},{\"@type\":\"BreadcrumbList\",\"@id\":\"http:\/\/kreapaedie.de\/wordpress\/lebenssymphonie\/#breadcrumb\",\"itemListElement\":[{\"@type\":\"ListItem\",\"position\":1,\"name\":\"Home\",\"item\":\"http:\/\/kreapaedie.de\/wordpress\/\"},{\"@type\":\"ListItem\",\"position\":2,\"name\":\"Lebenssymphonie\"}]}]}<\/script>\n<!-- \/ Yoast SEO plugin. -->","yoast_head_json":{"title":"Lebenssymphonie - Burnout Pr\u00e4vention \/ psychologisches Fr\u00fchwarnsystem","description":"Durch inneres Aufr\u00e4umen l\u00e4\u00dft sich das kreative Selbstbild erneuern, das als Fr\u00fchwarnsystem einen optimalen Schutz vor seelischem Verschlei\u00df bietet.","robots":{"index":"index","follow":"follow","max-snippet":"max-snippet:-1","max-image-preview":"max-image-preview:large","max-video-preview":"max-video-preview:-1"},"canonical":"http:\/\/kreapaedie.de\/wordpress\/lebenssymphonie\/","og_locale":"de_DE","og_type":"article","og_title":"Lebenssymphonie - Burnout Pr\u00e4vention \/ psychologisches Fr\u00fchwarnsystem","og_description":"Durch inneres Aufr\u00e4umen l\u00e4\u00dft sich das kreative Selbstbild erneuern, das als Fr\u00fchwarnsystem einen optimalen Schutz vor seelischem Verschlei\u00df bietet.","og_url":"http:\/\/kreapaedie.de\/wordpress\/lebenssymphonie\/","og_site_name":"Kreap\u00e4die Akademie","article_modified_time":"2016-03-02T12:49:44+00:00","og_image":[{"url":"http:\/\/kreapaedie.de\/wordpress\/wp-content\/uploads\/2012\/11\/flusslauf-300x196.jpg"}],"twitter_misc":{"Gesch\u00e4tzte Lesezeit":"2\u00a0Minuten"},"schema":{"@context":"https:\/\/schema.org","@graph":[{"@type":"WebSite","@id":"http:\/\/kreapaedie.de\/wordpress\/#website","url":"http:\/\/kreapaedie.de\/wordpress\/","name":"Kreap\u00e4die Akademie","description":"Burnout Pr\u00e4vention &amp; Prophylaxe durch psychohygienische Pr\u00e4vention in K\u00f6ln","potentialAction":[{"@type":"SearchAction","target":{"@type":"EntryPoint","urlTemplate":"http:\/\/kreapaedie.de\/wordpress\/?s={search_term_string}"},"query-input":"required name=search_term_string"}],"inLanguage":"de"},{"@type":"ImageObject","inLanguage":"de","@id":"http:\/\/kreapaedie.de\/wordpress\/lebenssymphonie\/#primaryimage","url":"http:\/\/kreapaedie.de\/wordpress\/wp-content\/uploads\/2012\/11\/flusslauf.jpg","contentUrl":"http:\/\/kreapaedie.de\/wordpress\/wp-content\/uploads\/2012\/11\/flusslauf.jpg","width":"400","height":"262","caption":"Flusslauf"},{"@type":"WebPage","@id":"http:\/\/kreapaedie.de\/wordpress\/lebenssymphonie\/#webpage","url":"http:\/\/kreapaedie.de\/wordpress\/lebenssymphonie\/","name":"Lebenssymphonie - Burnout Pr\u00e4vention \/ psychologisches Fr\u00fchwarnsystem","isPartOf":{"@id":"http:\/\/kreapaedie.de\/wordpress\/#website"},"primaryImageOfPage":{"@id":"http:\/\/kreapaedie.de\/wordpress\/lebenssymphonie\/#primaryimage"},"datePublished":"2012-11-13T10:26:15+00:00","dateModified":"2016-03-02T12:49:44+00:00","description":"Durch inneres Aufr\u00e4umen l\u00e4\u00dft sich das kreative Selbstbild erneuern, das als Fr\u00fchwarnsystem einen optimalen Schutz vor seelischem Verschlei\u00df bietet.","breadcrumb":{"@id":"http:\/\/kreapaedie.de\/wordpress\/lebenssymphonie\/#breadcrumb"},"inLanguage":"de","potentialAction":[{"@type":"ReadAction","target":["http:\/\/kreapaedie.de\/wordpress\/lebenssymphonie\/"]}]},{"@type":"BreadcrumbList","@id":"http:\/\/kreapaedie.de\/wordpress\/lebenssymphonie\/#breadcrumb","itemListElement":[{"@type":"ListItem","position":1,"name":"Home","item":"http:\/\/kreapaedie.de\/wordpress\/"},{"@type":"ListItem","position":2,"name":"Lebenssymphonie"}]}]}},"_links":{"self":[{"href":"http:\/\/kreapaedie.de\/wordpress\/wp-json\/wp\/v2\/pages\/27","targetHints":{"allow":["GET"]}}],"collection":[{"href":"http:\/\/kreapaedie.de\/wordpress\/wp-json\/wp\/v2\/pages"}],"about":[{"href":"http:\/\/kreapaedie.de\/wordpress\/wp-json\/wp\/v2\/types\/page"}],"author":[{"embeddable":true,"href":"http:\/\/kreapaedie.de\/wordpress\/wp-json\/wp\/v2\/users\/1"}],"replies":[{"embeddable":true,"href":"http:\/\/kreapaedie.de\/wordpress\/wp-json\/wp\/v2\/comments?post=27"}],"version-history":[{"count":40,"href":"http:\/\/kreapaedie.de\/wordpress\/wp-json\/wp\/v2\/pages\/27\/revisions"}],"predecessor-version":[{"id":474,"href":"http:\/\/kreapaedie.de\/wordpress\/wp-json\/wp\/v2\/pages\/27\/revisions\/474"}],"wp:attachment":[{"href":"http:\/\/kreapaedie.de\/wordpress\/wp-json\/wp\/v2\/media?parent=27"}],"curies":[{"name":"wp","href":"https:\/\/api.w.org\/{rel}","templated":true}]}}